s divided by 35/3 - (16/r)/(-4)?
9
Suppose -2*c + 54 = c + 3*q, 0 = 4*c + 2*q - 66. Let f = 18 - c. What is the remainder when ((-4)/f)/((-8)/204) is divided by 12?
10
Suppose n + 50 = 3*n. Let v = n + -10. What is the remainder when v is divided by 4?
3
Suppose -4*c = c. Let d = c - -7. What is the remainder when ((-76)/6)/((-2)/3) is divided by d?
5
Let t = -81 - -131. What is the remainder when t is divided by 33?
17
Calculate the remainder when 272 is divided by (-88)/(-8) + -10 - 45/(-1).
42
Let m = -112 + 114. Suppose m = -x, -14*f + 10*f - x = -106. Calculate the remainder when 107 is divided by f.
26
Let g(y) = -77*y + 81. Let x be 1/(-3) + 11/(-3). Let t = x - -6. Calculate the remainder when g(1) is divided by t.
0
What is the remainder when (-3)/(18/(-687)) + (-3)/6 is divided by (0 + -31 + (-25)/(-5))/(-2)?
10
Suppose u - 16 = -3*i + 14, 21 = 4*i - 5*u. Calculate the remainder when 113 is divided by i.
5
Let h(d) = -d**3 - 11*d**2 + 19*d + 6. Let i(c) = 3*c**3 + 32*c**2 - 56*c - 17. Let m(n) = 17*h(n) + 6*i(n). What is the remainder when m(-6) is divided by 22?
20
Let d(t) = t**3 - 9*t**2 + 7*t - 4. Let x be d(6). Let r = -40 - x. Let c = 44 - r. Calculate the remainder when 41 is divided by c.
13
Suppose 5*a + 48*w - 540 = 43*w, 2*w = -5*a + 531. Calculate the remainder when a is divided by 9.
6
Let d(m) = 10*m**2 - m. Let v = -1 + 6. Suppose v = -4*s + 81. What is the remainder when s is divided by d(-1)?
8
Let h = 62 - 11. Let z(b) = 2*b**2 - 10*b + 6. Let r(x) = x - 1. Let c(u) = 5*r(u) + z(u). What is the remainder when h is divided by c(4)?
12
Let j(o) = -2*o**3 - 51*o**2 - 51*o + 1. Let x(p) = p**3 + 25*p**2 + 25*p. Let u(v) = -2*j(v) - 5*x(v). Calculate the remainder when u(-22) is divided by 5.
0
Let s = 351 - 322. Calculate the remainder when 56 is divided by s.
27
Suppose 392 = 8*m - m. What is the remainder when 159 is divided by m?
47
What is the remainder when 96 is divided by 6/(-33) + (-4504)/(-88)?
45
Let a(w) = -31*w + 2. Let p be a(-2). Suppose 4*g - 24 = p. Suppose -59 - g = -3*m. What is the remainder when m is divided by 15?
12
Let v(m) = 2*m**2 + 27*m + 40. Calculate the remainder when 152 is divided by v(-13).
17
Suppose 2*l = -10*l + 996. Calculate the remainder when l is divided by 12.
11
Suppose -1344 + 4152 = 6*m. Suppose -3*s - 2*s + 3*o = -m, 3*s = -2*o + 296. Let k = 140 - s. What is the remainder when k is divided by 15?
14
Suppose 2*n = 6*n. Suppose n = -4*s - 0*s + 72. Let a = 6881 + -6810. Calculate the remainder when a is divided by s.
17
Suppose -i + 2*g + 100 + 78 = 0, i - 170 = -2*g. Let y be (-3)/(0 - 2/(-74)). Let x = y + i. What is the remainder when x is divided by 32?
31
Suppose 3*l + q - 3 = 9, 4*l = -3*q + 21. Suppose 0*z - 2*z + 94 = -l*b, 34 = z + 5*b. What is the remainder when z is divided by 16?
12
Suppose -61*y + 49*y = -84. Let c = 11 - 8. Suppose 4*g - 3*k = 49, g - c*g + 2*k + 24 = 0. Calculate the remainder when g is divided by y.
6
Let d = -76 - -50. Let c = d - -45. Let x(v) = -v**2 + 15*v + 10. What is the remainder when c is divided by x(15)?
9
Suppose -7 - 1 = v + 5*f, -4*v + f - 11 = 0. Calculate the remainder when 32 is divided by (144/(-40))/(v/10).
8
Suppose 0*i + j = -3*i + 273, -2*i = -j - 187. Let a = i + -39. What is the remainder when a is divided by 27?
26
Let m(r) be the third derivative of -r**5/60 - 5*r**4/24 + 5*r**3/6 + 9*r**2. Calculate the remainder when 35 is divided by m(-4).
8
Let i(s) = s**3 - 4*s**2 - 8*s + 1. Calculate the remainder when i(6) is divided by 1/(-4) + 87/12.
4
Let v(o) = -4*o**2 + 39*o - 17. What is the remainder when 48 is divided by v(9)?
8
Let h(x) be the third derivative of -x**5/60 + 5*x**4/8 - 9*x**3/2 + 9*x**2. Calculate the remainder when h(11) is divided by 7.
3
Suppose 5*x - 66 = 124. Suppose 4*r = -j + 40, -6*r - 5*j = -4*r - x. Calculate the remainder when 37 is divided by r.
1
Let r = -7 - -22. Suppose -8 = r*j - 13*j. Let l(p) = p + 11. What is the remainder when 12 is divided by l(j)?
5
Let v = 6 + -17. Let x = 12 + v. Let n(y) = 26*y**2. What is the remainder when 76 is divided by n(x)?
24
Let d(q) be the second derivative of q**4/6 + 4*q**3/3 + 2*q**2 - 4*q. Let l be d(-5). What is the remainder when 51 is divided by l*1 - (-2)/(-2)?
12
Suppose -51 = -4*i + 37. Let x = i + -5. Calculate the remainder when 30 is divided by x.
13
Suppose 140 = 3*l + l. Suppose 0*a = a - h, -5*h = 2*a - l. Calculate the remainder when a is divided by 4.
1
Let n be (-26)/1*3*5/(-30). Let t(l) = 2*l + 1. What is the remainder when t(n) is divided by 7?
6
Let w be ((-8)/(-6))/((-278)/282 - -1). Suppose -d - 15 = 34. Let s = w + d. What is the remainder when s is divided by 23?
22
Suppose 2*d - d - 18 = 0. Suppose 4*l + d = 2*a, 3*l - 2*l = a - 6. Let x(z) = -z**3 - z**2 + 6. What is the remainder when x(0) is divided by a?
0
Suppose 2*z = -2*z - 4*i + 120, 2*z - 2*i = 48. What is the remainder when z is divided by 2?
1
Suppose q = 3*w + 5*q - 40, -20 = -3*w + q. Suppose -9 - 41 = -2*y. Let k = w + y. Calculate the remainder when k is divided by 9.
6
Let a(z) be the second derivative of -7*z + 1/6*z**3 + 14/3*z**4 + 0 + z**2. What is the remainder when a(-1) is divided by 10?
7
Let w(m) = -m**3 - 9*m**2 - 13*m + 3. What is the remainder when w(-8) is divided by 11?
10
Let d = 6 + 6. Calculate the remainder when 540/(-80)*(-16)/2 is divided by d.
6
Let p be -27 + (3 + -4)/(-1). Let c be 34/(-3)*117/p. Let g = 79 - c. What is the remainder when g is divided by 10?
8
Let v be (-6)/(-7)*336/36. Let g(c) = -7*c + 62. Calculate the remainder when 10 is divided by g(v).
4
Let w = 185 + 101. Let a = -143 + w. Suppose -l = -3*r + a, 0 = 5*r - 3*l - 227 - 14. What is the remainder when r is divided by 24?
23
Let f = 515 - 510. What is the remainder when 19 is divided by f?
4
What is the remainder when 3944/153 - 4/(-18) is divided by 7?
5
Suppose 3*k + 4*l - 9*l - 108 = 0, -5*k - l = -180. What is the remainder when 681 is divided by k?
33
Suppose 12*m = 376 + 8. What is the remainder when 138 is divided by m?
10
What is the remainder when 91 is divided by (10/(-35))/((-10)/2485)?
20
Let w(p) = -p + 2. Let x be w(11). Let l = -1 - x. Calculate the remainder when 31 is divided by l.
7
Let v(y) = 2*y**3 + 10*y**2 - 4*y - 14. Calculate the remainder when v(-5) is divided by 5.
1
Let o be (-233)/1 + 1 + 1. Let q be 2/(-4) - o/14. Let r = q + 0. Calculate the remainder when 60 is divided by r.
12
What is the remainder when 84 is divided by 30/6 - (0 - 20)?
9
Let x = 130 - 87. Let a be (2/3)/(4/(-30)). What is the remainder when x is divided by (-1)/a - (-518)/35?
13
Let j(v) = v + 18. Let p = -5 + 16. Calculate the remainder when (-57)/(-4)*(-8)/(-2) is divided by j(p).
28
Let f(o) = -o**3 - 13*o**2 - 13*o - 9. Let u be (-1)/(-8) - 1940/160. What is the remainder when 2*(4/(-2) + 6) is divided by f(u)?
2
Let y(x) = 12*x - 18*x - 32*x - 41. What is the remainder when y(-4) is divided by 19?
16
What is the remainder when 30 is divided by 76/8 - (-15)/10?
8
Let f(i) = 6*i**2 - 3*i - i**2 + 4 + 10 - 12. Calculate the remainder when f(2) is divided by 9.
7
Let j(t) be the first derivative of -t**3/3 - t**2 + 66*t - 30. Calculate the remainder when 8 is divided by j(-9).
2
Suppose -2268*l + 2280*l - 1692 = 0. Let b(s) = 3*s**2 + 2*s + 3. What is the remainder when l is divided by b(3)?
33
Let a(o) = 75*o + 65. What is the remainder when a(2) is divided by 36?
35
Suppose 4*k = -5*m + k + 265, 3*k + 15 = 0. Suppose 0 = -2*l + f + 100 - 2, 4*f = l - m. What is the remainder when l is divided by 26?
22
Let d = 905 + -894. Calculate the remainder when d is divided by 4.
3
Let h = 30 - 15. Suppose -229*z = -233*z + 528. Calculate the remainder when z is divided by h.
12
Suppose 0*b - 12 = -3*b. Let x be 1*21*(-4)/(-6). Suppose -a + x = 2*n + 4*a, 0 = a - 2. Calculate the remainder when b is divided by n.
0
Suppose 9*w + 12*w = 3150. Calculate the remainder when 592 is divided by w.
142
Let v(w) = 1 + w**2 + 0*w + 2 + 3*w. What is the remainder when (-9)/15 + (-906)/(-10) is divided by v(4)?
28
Suppose j + 54 = 66. What is the remainder when 167 is divided by j?
11
Suppose -8 = -0*s + 4*s. Let r be ((-3)/9)/(s/12). Suppose 0 = r*w - 8 - 24. Calculate the remainder 